23123204
In base 2, what is -10 + -101000011000100101?
-101000011000100111
In base 3, what is 202210 - 1102112120101?
-1102111210121
In base 13, what is a0 + a8830?
a8900
In base 11, what is -5a37040 - 4?
-5a37044
In base 6, what is -430545 - 22012?
-453001
In base 16, what is -1b80c - 159?
-1b965
In base 14, what is -7860dc - -59?
-786083
In base 9, what is 2 - -27056246?
27056248
In base 4, what is -200220 + 1011231?
211011
In base 5, what is 14 + 340300240?
340300304
In base 11, what is -121aa7 - -23?
-121a84
In base 6, what is -125 - -351001?
350432
In base 13, what is -22cc + -2268?
-4567
In base 9, what is 18553 + 1243?
20806
In base 16, what is 201 + -bf8ed?
-bf6ec
In base 10, what is -6706 - 337?
-7043
In base 14, what is 0 + 43aa07c?
43aa07c
In base 14, what is -29 + d382?
d357
In base 6, what is -25 - -513151?
513122
In base 4, what is 210100033 + -2012?
210032021
In base 11, what is 2496961a - 3?
24969617
In base 13, what is -79 - -308572?
3084c6
In base 10, what is 3 - -2274657?
2274660
In base 3, what is -20012101110122211 - -101?
-20012101110122110
In base 13, what is -295 - -27867?
275a2
In base 11, what is 21694126 + -10?
21694116
In base 15, what is 107e840 - 4?
107e83b
In base 14, what is -241672 - -91?
-2415c1
In base 8, what is -17735526 + -227?
-17735755
In base 2, what is -101111111100 - 101101000101?
-1011101000001
In base 12, what is -307 + 7454?
7149
In base 13, what is 6b + -b0509a?
-b0502c
In base 11, what is 1512 - -103014?
104526
In base 13, what is -c - 22ba245?
-22ba254
In base 8, what is -140511 - 507?
-141220
In base 13, what is -c2a99 + -1c0?
-c2c89
In base 16, what is -12432 + -272a?
-14b5c
In base 6, what is 2221500425 + 2?
2221500431
In base 13, what is -4665 - -8b59?
44c4
In base 8, what is 35726 - 1652?
34054
In base 14, what is 7ca0d3 - -a?
7ca0dd
In base 9, what is 1676070 - 23?
1676046
In base 3, what is 100120 + 211110011?
211210201
In base 13, what is 115c66 + -b0?
115b86
In base 13, what is 23 + 12c8588?
12c85ab
In base 11, what is -30 - -17557a?
17554a
In base 8, what is -622241 - -176?
-622043
In base 8, what is 34322 - 343?
33757
In base 8, what is 50 + -54102173?
-54102123
In base 11, what is -26a2 + 4625?
1a33
In base 3, what is -12002002122100022 - -102?
-12002002122022220
In base 13, what is -124890 - -9?
-124884
In base 9, what is -5 - 6813568?
-6813574
In base 14, what is 16a6 + 4880?
6146
In base 12, what is 26494a - -132?
264a80
In base 10, what is 11036 - 224?
10812
In base 9, what is -1 + -12268148?
-12268150
In base 14, what is 1d9 - -71bb?
73b6
In base 12, what is -1 + -634591?
-634592
In base 10, what is 2 + 65183119?
65183121
In base 10, what is -3789 - 15276?
-19065
In base 12, what is -baa9b6 - -28?
-baa98a
In base 4, what is -220201010 + -20121?
-220221131
In base 16, what is 2a79b3a + -2?
2a79b38
In base 10, what is 2312531 - 11?
2312520
In base 10, what is 210055 - -2663?
212718
In base 15, what is 13c09d + 1c?
13c0ba
In base 16, what is 8c + 19992e?
1999ba
In base 15, what is 1065a6e + 1?
1065a70
In base 8, what is 25441403 - -33?
25441436
In base 16, what is 2d249 + 23?
2d26c
In base 2, what is 1101100100000111101001000 - -101?
1101100100000111101001101
In base 11, what is -23850 - 55a5?
-29345
In base 10, what is 15809048 + 4?
15809052
In base 4, what is 12131 - 20220110?
-20201313
In base 5, what is -1 + 432410132?
432410131
In base 6, what is 43114 - -451202?
534320
In base 9, what is 5 - -566330434?
566330440
In base 14, what is -3627d + -13?
-36292
In base 5, what is -4 + -1404112443?
-1404113002
In base 4, what is -3210 + -3201302?
-3211112
In base 16, what is -5 - -6011b7a?
6011b75
In base 10, what is 116 + -622690?
-622574
In base 13, what is -410 - 76b6?
-7ac6
In base 13, what is -72a3b + 55?
-729b6
In base 3, what is -221120021122201 + 111?
-221120021122020
In base 10, what is -2780882 + -18?
-2780900
In base 5, what is -33342 - 23043023?
-23131420
In base 2, what is 1011001001000001100 - 1000?
1011001001000000100
In base 13, what is 3826155 + 5?
382615a
In base 4, what is -130303 - 10123032?
-10320001
In base 12, what is -157942731 + 4?
-157942729
In base 4, what is -2221322303103 + 13?
-2221322303030
In base 9, what is 287052028 - 0?
287052028
In base 10, what is 2169365 - 4?
2169361
In base 2, what is -1111110110111001001111010010 - 110?
-1111110110111001001111011000
In base 8, what is 16054042 - -123?
16054165
In base 4, what is 11111232 - 3312?
11101320
In base 8, what is 27002047 - -5?
27002054
In base 5, what is 0 + -230130340?
-230130340
In base 7, what is 3 - -35055056?
35055062
In base 13, what is 1 - -21ba29a?
21ba29b
In base 4, what is -333003002102 + -20?
-333003002122
In base 14, what is 16a379 - 8?
16a371
In base 2, what is -10010001000110010010000010 - -1?
-10010001000110010010000001
In base 16, what is 4 - -1a1e1b?
1a1e1f
In base 2, what is -10111111110010101001001001 - 101?
-10111111110010101001001110
In base 14, what is 4 - 1250a2?
-12509c
In base 10, what is -60112 + -29?
-60141
In base 8, what is -202126 - 4470?
-206616
In base 16, what is 2 + -bcf30?
-bcf2e
In base 16, what is 3c63 + 1484?
50e7
In base 3, what is -11210 - -110020112221122?
110020112202212
In base 11, what is a42 + -4068?
-3126
In base 16, what is -5 + 20cbc31?
20cbc2c
In base 5, what is 401434134 + -22?
401434112
In base 4, what is 1 + 11201101211111?
11201101211112
In base 14, what is 3759 - -11571?
14cca
In base 10, what is -24327015 - 11?
-24327026
In base 14, what is -15b - 21323?
-21480
In base 10, what is -4007 + -5729?
-9736
In base 11, what is 4 - -16188074?
16188078
In base 15, what is 59402a - 7b?
593e9e
In base 8, what is 56252 - 303?
55747
In base 3, what is 210200001022 - 11?
210200001011
In base 15, what is -1d60b + -e?
-1d61a
In base 9, what is 202166250 - 3?
202166246
In base 15, what is 4d - -a1032b?
a10379
In base 2, what is -1010100111 + -1010110011011?
-1100001000010
In base 16, what is 750a87 - -2?
750a89
In base 4, what is 110221 - -2020320?
2131201
In base 16, what is e394c3c + 0?
e394c3c
In base 3, what is -12010210 - 201101221?
-220112201
In base 13, what is 90 + 9b4aa?
9b56a
In base 6, what is -1420 + 44041125?
44035305
In base 10, what is 3 + 27319476?
27319479
In base 2, what is -10011011011110 - 101011110010?
-11000111010000
In base 6, what is -11 - 1035553510?
-1035553521
In base 5, what is 1401 + -412022?
-410121
In base 2, what is 101000111100011 + 111000001?
101001110100100
In base 14, what is 9 - -2b17b6?
2b17c1
In base 12, what is 5bb35 - 43?
5bab2
In base 11, what is -2 - -299a769?
299a767
In base 13, what is 2591 + -17b8a?
-155c9
In base 3, what is -102011200 + -11000120010?
-11102201210
In base 15, what is 36cb1 - -58?
36d19
In base 4, what is -322320 + 1331312?
1002332
In base 9, what is -12 + -1178315?
-1178327
In base 5, what is -4444021 - 242?
-4444313
In base 15, what is 1851d1 + -35?
18519b
In base 2, what is -100111001011 - 1001111?
-101000011010
In base 8, what is -34347 + -471?
-35040
In base 11, what is -24 + -12350a?
-123533
In base 10, what is -35354268 + 5?
-35354263
In base 6, what is 125003500554 - 2?
125003500552
In base 3, what is -10001211200112111 + -1?
-10001211200112112
In base 5, what is 311024231141 - -1?
311024231142
In base 16, what is -32fa0 - -ae?
-32ef2
In base 5, what is 4 - 102434240242?
-102434240233
In base 8, what is -4 - -7664375?
7664371
In base 12, what is -3643 + 622a5?
5a862
In base 16, what is 4 - cdcee?
-cdcea
In base 15, what is -3 + -4beb26?
-4beb29
In base 7, what is 231112 + -2015?
226064
In base 4, what is -102033120230223 - -11?
-102033120230212
In base 15, what is -2e2b + 311d?
1e2
In base 4, what is -1021320 - -2123331?
1102011
In base 11, what is -4 + -1539071?
-1539075
In base 8, what is 1 - -4407045?
4407046
In base 15, what is 28ae10 + 9?
28ae19
In base 8, what is 2 - 2546430?
-2546426
In base 8, what is -1161024 - -10?
-1161014
In base 7, what is -3513402 - -65?
-3513304
In base 2, what is 11110010000101101001 + 1010001?
11110010000110111010
In base 14, what is -18 + -52aac4?
-52aadc
In base 10, what is 1148801 - -7?
1148808
In base 14, what is 10b + 10c95?
10da2
In base 3, what is 201120 + -102112001010?
-102111022120
In base 7, what is -63 + -26621?
-30014
In base 6, what is 113 - 